{"id":81,"date":"2021-01-14T16:26:26","date_gmt":"2021-01-14T15:26:26","guid":{"rendered":"http:\/\/kukier.rad-kom.pl\/?page_id=81"},"modified":"2021-01-14T16:37:50","modified_gmt":"2021-01-14T15:37:50","slug":"kancelaria-radcy-prawnego-edyta-kukier-strona-w-budowie","status":"publish","type":"page","link":"http:\/\/kukier-kancelaria.pl\/","title":{"rendered":"Kancelaria Radcy Prawnego &#8211; Edyta KUKIER STRONA W BUDOWIE"},"content":{"rendered":"\n<p><strong>Szanowni Pa\u0144stwo.<\/strong><br>Tre\u015bci dla wizyt\u00f3wki Naszej Kancelarii dopiero powstaj\u0105. Potrzebujemy jeszcze troch\u0119 czasu, by\u015bmy mogli zaoferowa\u0107 Pa\u0144stwu najwy\u017csz\u0105 jako\u015b\u0107 us\u0142ug. Szanuj\u0105c jednak Pa\u0144stwa cenny czas, obecnie zapraszamy do bezpo\u015bredniego kontaktu lub do skorzystania z 'Formularza kontaktowego&#8217;.<\/p>\n\n\n\n<p>Dzi\u0119kuj\u0105c za zainteresowanie, zapraszamy ponownie.<\/p>\n\n\n","protected":false},"excerpt":{"rendered":"<p>Szanowni Pa\u0144stwo.Tre\u015bci dla wizyt\u00f3wki Naszej Kancelarii dopiero powstaj\u0105. Potrzebujemy jeszcze troch\u0119 czasu, by\u015bmy mogli zaoferowa\u0107 Pa\u0144stwu najwy\u017csz\u0105 jako\u015b\u0107 us\u0142ug. Szanuj\u0105c jednak Pa\u0144stwa cenny czas, obecnie [&#8230;]<\/p>\n","protected":false},"author":1,"featured_media":0,"parent":0,"menu_order":0,"comment_status":"closed","ping_status":"closed","template":"","meta":{"footnotes":""},"class_list":["post-81","page","type-page","status-publish","hentry"],"_links":{"self":[{"href":"http:\/\/kukier-kancelaria.pl\/index.php?rest_route=\/wp\/v2\/pages\/81","targetHints":{"allow":["GET"]}}],"collection":[{"href":"http:\/\/kukier-kancelaria.pl\/index.php?rest_route=\/wp\/v2\/pages"}],"about":[{"href":"http:\/\/kukier-kancelaria.pl\/index.php?rest_route=\/wp\/v2\/types\/page"}],"author":[{"embeddable":true,"href":"http:\/\/kukier-kancelaria.pl\/index.php?rest_route=\/wp\/v2\/users\/1"}],"replies":[{"embeddable":true,"href":"http:\/\/kukier-kancelaria.pl\/index.php?rest_route=%2Fwp%2Fv2%2Fcomments&post=81"}],"version-history":[{"count":3,"href":"http:\/\/kukier-kancelaria.pl\/index.php?rest_route=\/wp\/v2\/pages\/81\/revisions"}],"predecessor-version":[{"id":90,"href":"http:\/\/kukier-kancelaria.pl\/index.php?rest_route=\/wp\/v2\/pages\/81\/revisions\/90"}],"wp:attachment":[{"href":"http:\/\/kukier-kancelaria.pl\/index.php?rest_route=%2Fwp%2Fv2%2Fmedia&parent=81"}],"curies":[{"name":"wp","href":"https:\/\/api.w.org\/{rel}","templated":true}]}}