{"id":16,"date":"2021-01-14T12:12:33","date_gmt":"2021-01-14T11:12:33","guid":{"rendered":"http:\/\/kukier.rad-kom.pl\/?page_id=16"},"modified":"2021-01-14T16:06:12","modified_gmt":"2021-01-14T15:06:12","slug":"o-nas","status":"publish","type":"page","link":"http:\/\/kukier-kancelaria.pl\/?page_id=16","title":{"rendered":"O nas"},"content":{"rendered":"\n<p>Oferujemy szeroki wachlarz us\u0142ug, kt\u00f3re gwarantuj\u0105 wymierne rezultaty i pozytywne efekty dla Pa\u0144stwa interes\u00f3w.\n<br>Nasza oferta jest kompleksowa, obejmuj\u0105c poni\u017cszy wachlarz tematyczny:\n<br><br>Obs\u0142uga korporacyjna;\n<br>Prowadzenie post\u0119powa\u0144 s\u0105dowych, administracyjnych, windykacja nale\u017cno\u015bci;\n<br>Obs\u0142uga rynku nieruchomo\u015bci;\n<br>Zam\u00f3wienia publiczne.<\/p>\n","protected":false},"excerpt":{"rendered":"<p>Oferujemy szeroki wachlarz us\u0142ug, kt\u00f3re gwarantuj\u0105 wymierne rezultaty i pozytywne efekty dla Pa\u0144stwa interes\u00f3w. Nasza oferta jest kompleksowa, obejmuj\u0105c poni\u017cszy wachlarz tematyczny: Obs\u0142uga korporacyjna; Prowadzenie [&#8230;]<\/p>\n","protected":false},"author":1,"featured_media":0,"parent":0,"menu_order":0,"comment_status":"closed","ping_status":"closed","template":"","meta":{"footnotes":""},"class_list":["post-16","page","type-page","status-publish","hentry"],"_links":{"self":[{"href":"http:\/\/kukier-kancelaria.pl\/index.php?rest_route=\/wp\/v2\/pages\/16","targetHints":{"allow":["GET"]}}],"collection":[{"href":"http:\/\/kukier-kancelaria.pl\/index.php?rest_route=\/wp\/v2\/pages"}],"about":[{"href":"http:\/\/kukier-kancelaria.pl\/index.php?rest_route=\/wp\/v2\/types\/page"}],"author":[{"embeddable":true,"href":"http:\/\/kukier-kancelaria.pl\/index.php?rest_route=\/wp\/v2\/users\/1"}],"replies":[{"embeddable":true,"href":"http:\/\/kukier-kancelaria.pl\/index.php?rest_route=%2Fwp%2Fv2%2Fcomments&post=16"}],"version-history":[{"count":7,"href":"http:\/\/kukier-kancelaria.pl\/index.php?rest_route=\/wp\/v2\/pages\/16\/revisions"}],"predecessor-version":[{"id":56,"href":"http:\/\/kukier-kancelaria.pl\/index.php?rest_route=\/wp\/v2\/pages\/16\/revisions\/56"}],"wp:attachment":[{"href":"http:\/\/kukier-kancelaria.pl\/index.php?rest_route=%2Fwp%2Fv2%2Fmedia&parent=16"}],"curies":[{"name":"wp","href":"https:\/\/api.w.org\/{rel}","templated":true}]}}